(10 + 15)) + (0 + 2 - -22)
21
Evaluate -13 + (-7 - 30) + (307 - 127).
130
Calculate -10 + -1 + (312 + -304 - (31 - -3)).
-37
(-71 - -45 - -64) + -39
-1
What is (12 - (35 - (-6 - -23))) + (-18 - (1 + -3))?
-22
Evaluate -6174 - -6196 - ((-2 - 2) + -10 + 3).
33
Evaluate (-69 + 37 - 9) + 51.
10
Evaluate 64 + (28 + -19 - 21 - 3).
49
28 - (144 - 14 - 21)
-81
Evaluate 127 + -83 + 28 - 31.
41
Calculate -29 + (15 - -66) - (-1 + -13).
66
What is the value of 30 + (-7 - -7) - ((30 - 19) + -19)?
38
Evaluate 2 + (1 + 0 - 0 - 35 - (615 + -620)).
-27
What is -6 - (-1 + -8 - ((-5 - -7) + 12))?
17
Evaluate -42 - (-2 - 9 - -6) - (8 - 7).
-38
What is the value of -6 + (-23 - (-2 - 5)) + 21?
-1
Calculate (-11 - -50) + -29 + 3 + 6 + 21.
40
-18 + (22 - 19) - (24 + 15 + -20)
-34
What is the value of -30 + 2 - ((21 - 28) + -11 - (23 + -47))?
-34
What is 13 - -1 - (-360 + 396) - (-2 + 11)?
-31
What is (91 - (-13 - -79)) + -71?
-46
Calculate 158 - 88 - (58 - 17).
29
-119 + 148 - (-43 + -18)
90
-2 + (1 + 1 - -13) - ((-8 - 67) + 76)
12
Calculate 28 - (-13 + 7 + (10 - 15) - -13).
26
Evaluate -335 - -163 - -247 - (6 - -1).
68
63 - (37 + (24 - 29))
31
What is the value of 15 + 90 + (-18 - (-6 - 15)) + (-7 - -1)?
102
(-8 - -1 - 4 - 8) + -12 + -4 + 10
-25
What is the value of 19 - ((-12 - -68) + -60)?
23
Evaluate 40 + (7 - 47) + -16 + -1 + 65.
48
Evaluate -29 + (-25 - (-54 + -14)).
14
What is the value of (178 - 260) + -20 + 22?
-80
What is 0 + (0 - -10 - (-59 - -66)) - 67?
-64
Calculate -35 + 6 + -36 - -140.
75
What is 61 + (-687 - -688 - (0 + -12))?
74
What is -32 + -46 + 81 + 41?
44
What is the value of 36 - (-20 - -71) - 49?
-64
Evaluate (0 - -3 - ((-17 - -10) + 20)) + -2 + 6.
-6
Evaluate 104 + (94 - 84 - 23).
91
Evaluate (57 - 71) + -84 + 125.
27
What is the value of (96 - (95 - 152)) + -32?
121
Evaluate 6 - (-6 - -6) - 9 - (-14 + 2 + 81).
-72
Calculate 783 + -1008 - (-105 - 5).
-115
Evaluate -16 + (3 - (-13 + (33 - 13))) + -9.
-29
Evaluate 23 + 29 + -34 + 19.
37
What is the value of (3 - 2 - 1 - (-76 - -68) - 34) + -4?
-30
What is (2 + -3 + (6 - -3) - (43 + 4)) + 1?
-38
Evaluate 23 - ((0 - -3) + (-19 + -17 + 36 - -3)).
17
Evaluate 50 - (-52 - (-78 - 1)).
23
What is the value of 100 - 57 - -7 - 103?
-53
What is the value of 22 - (18 + -10) - (67 - (-2 - -2))?
-53
Calculate (-15 - (10 - -5 - 30)) + -47 + 9.
-38
Evaluate (-756 - -717) + (6 + -2 - 8) + (-1 - 0).
-44
What is the value of -49 + (15 - (-12 - (4 + -15)))?
-33
What is 4 - 0 - 11 - (11 + -9 + (3 - 3))?
-9
What is 56 + (5 + -12 + 8 - -17)?
74
What is 46 + -10 + (42 - (23 - 22)) + -20?
57
Calculate 216 + -210 - (-1 + -30).
37
Calculate 30 + 35 + -42 + 4 + 20 + -1.
46
37 - (-2 - -2) - (597 - 618)
58
What is -21 + -34 + 94 + -21?
18
What is -75 - (-28 + 32 + -36 + 13)?
-56
What is -9 - (-21 - (11 - -7))?
30
Calculate -19 + 1 + (-32 - -40) + 0.
-10
What is the value of -38 - -16 - 18 - (6 + -2 - -6)?
-50
Evaluate (-416 + 596 - (47 - 0)) + (1 - -7).
141
142 - 63 - (-43 + 248)
-126
Evaluate (-9 - -5 - (-1 - -16)) + (-155 - -143).
-31
(-18 - -43) + -1 + -50
-26
11 + (-26 - -50) + -86
-51
Evaluate (-5 + -48 - -31) + (0 - -15) - -17.
10
Calculate -58 - (35 - 67 - 61).
35
What is (98 - (6 - -13)) + -28 + 27?
78
Calculate (-361 - -367) + (10 - 166).
-150
What is 9 + 22 + 10 + 8 + 3 + 14?
66
Evaluate -50 - (14 + 59 + -96).
-27
17 - (-5 - -14) - 2 - 44
-38
What is 4 + 8 + (-8 - 1) + (-67 - -78)?
14
Evaluate -54 + (-25 - -97) - (8 + 85).
-75
Calculate (0 - 8 - -2) + (74 - 53).
15
What is (-2 + 0 - -1) + -52 + (-20 - (-7 + -24))?
-42
(-6 - 14 - 0) + 79 + -15
44
Calculate -57 - -1 - 0 - (93 - (-240 - -336)).
-53
Evaluate ((-12 - (12 + -16)) + 9 + 1 - -11) + -137.
-124
Evaluate (1 - (15 - (-11 - -20))) + -24 - 7.
-36
What is the value of 51 - (-5 - 29 - -28)?
57
What is 14 + (33 - 30) - 33?
-16
Calculate 1306 + -1303 + -79 + -1.
-77
22 - 91 - (-147 + 176)
-98
What is the value of (-32 + 29 - (-1 + 60)) + -3 + 7 + 4?
-54
What is -48 + -29 + 29 + (10 - 21 - -16)?
-43
Evaluate 2 + -2 + 6 + (-11 - (-6 + 19)) + 11.
-7
Evaluate (-99 - ((-7 - (17 - 14)) + 25)) + (4 - -5).
-105
Evaluate -2 - 10 - (-10 + 3 - (127 - 84)).
38
What is (847 - 817) + -32 + 1?
-1
(-160 - -77 - -72) + -2 + 5 + 3
-5
Calculate 2 + -1 + -144 + 212 - 15.
54
What is 67 - (-74 + 14 - -71)?
56
Calculate -1 + 2 + 4 + 0 + -11 - (-120 + 63).
51
-94 + (4 + 8 + -6 - -8) + 14
-66
What is the value of 26 + -29 + 13 + (3 - -5 - 61)?
-43
What is 55 + -99 + (0 + 2 - 0)?
-42
-39 + 23 - (95 + -91 - (1 - 12))
-31
Evaluate 33 + -28 + -31 - 19.
-45
What is the value of -20 - (92 - 58 - (-15 + 3))?
-66
Calculate 16 + (-1 - -12) + -7.
20
Evaluate 58 + -1 + -91 + (0 - -45).
11
What is -2 + 3 + -25 - (652 + -643)?
-33
What is 88 - (82 - 67) - 12?
61
Evaluate (-239 - (-140 - 10)) + 121.
32
Calculate 51 + -20 + -63 - (18 - 3).
-47
What is the value of (10 - 1) + 22 + -5 + -4 + -11?
11
What is 10 + 7 + -11 + -7?
-1
-24 - (-380 + 380 - (1 - -1))
-22
Evaluate (1 - (-19 - -6 - (-8 - 8))) + 5 + 1.
4
(-40 - (-43 - (-20 - -6))) + (2 - -142)
133
Evaluate (-1 - -125) + -5113 + 5056.
67
Calculate -94 - (-121 + 67) - 27.
-67
Evaluate -81 + (-132 - (-85 + -179)).
51
-2 + 0 - (-25 + (49 - 1))
-25
Calculate (937 - 782) + (3 + -26 - 1).
131
What is -3 + -15 + -10 + -6 + 23 + 57 + 0?
46
-67 + 61 + -42 + -34 + 32
-50
Evaluate (41 - (-43 + 51)) + -31.
2
Calculate (-9 - -4) + (-528 - -552).
19
Calculate 4 - (-22 - -9 - -21 - 12) - 15.
-7
What is -21 - (21 - ((85 - 13) + 11))?
41
What is 1 - (-8 - 1 - (-294 + 293))?
9
Calculate 13 + -238 + 217 + (30 - -2).
24
3620 + -3614 + (1 - (-1 + -1 + 2) - 20)
-13
What is -6 + 66 - (-1029 + 1148)?
-59
What is 2 + (-8 - (0 + -92 + -3 + (145 - 132)))?
76
Calculate -12 + -22 + -12 + -33 + 16.
-63
-34 + 8 + 20 + -24
-30
Calculate 34 + -1 + (-21 + -18 - (82 + -142)).
54
What is 40 - (11 + (0 + (-19 - 2) - 0))?
50
Calculate (13 - -105) + -124 - -73.
67
Evaluate 9 - ((1 - 10 - -19) + -3).
2
What is the value of 4 + (56 - 19 - (4 + -3 + -7)) - 7?
40
Evaluate (-37 + 13 - 75) + (17 - (28 - 12)).
-98
-23 + -50 + (50 - 12)
-35
What is -17 + (-18 + 14 - -15) + (1 - -51)?
46
What is the value of (4 - (-15 + 76 + -35)) + (-7 - 0)?
-29
Evaluate -90 + (0 - (35 + (15 - 19))).
-121
What is the value of 85 + -163 + 98 - (-57 - 1)?
78
Calculate 8 + 55 + -69 + (-1 - -11) - (-2 - -74).
-68
What is -15 + 57 + 11 + (10 - 19) - 12?
32
What is (-40 + 63 - 21) + -3 - (2 + -93 + 1)?
89
14 + 53 + -32 + 20 + -24
31
(-2 + (-5 - -11) - (4 + 12 + -5)) + -52
-59
Evaluate 2 - (3 - 5) - 5 - (-11 + (-21 - -11)).
20
What is the value of 72 - (-91 + 178 + -4)?
-11
(-24 - 52 - -37) + 2
-37
What is the value of 44 + 8 + -4 + (-217 - -234)?
65
0 + 3 + (42 - -17) + -82
-20
Calculate 71 + 70 + 7 + -126.
22
What is the value of 79 + -98 + -32 - -2?
-49
Calculate -1 + 36 + -24 + (10 - 0).
21
Calculate -38 + 4 + (14 + -12 - -7) - -11.
-14
What is -46 + (30 + (40 - 26) - -2)?
0
-14 + 10 + -10 - (-27 - (-3 - 5))
5
What is the value of 73 - 74 - (0 - -6 - -3)?
-10
What is 13 + 18 + -3 + -7 + -52?
-31
What is -24 + (-11 - ((-6 - 17) + -11)) - -16?
15
Calculate -9 + 38 - (-7 + -1 + -16).
53
What is (32 - 10) + (40 - 26 - (2 + 1))?
33
What is -16 - -1 - (-538 - -548)?
-25
Evaluate -100 + (71 - (150 - 76)).
-103
Evaluate -38 + (18 - (45 + -66)) - ((-2 - 10) + -1).
14
Calculate (-2 - 3 - (-2 - -2)) + (20 + -38 - -70).
47
What is (2 - 12) + 6 + (9 - 6) - 39?
-40
Evaluate 23 + (11 - 67 - -30) - 47.
-50
What is the value of (-37 + 101 - 156) + 91?
-1
What is (-1 - -3) + (16 - (-90 + 8)) + 33?
133
-26 - (296 - 115 - 98)
-109
What is -39 - (57 - 53 - 5)?
-38
Calculate 2922 - 2913 - (-3 - -53).
-41
What is the value of (-55 + -2 - 2) + (-19 - 108) + 136?
-50
Evaluate (-5 - -1) + 8 + -7 + 9 + 1 + 45.
52
Calculate -25 - (41 + 92 + -258).
100
10 + 5 + 11 + -4 + 0 + 1
23
Evaluate -25 - (-262 - -223 - (5 + 2)).
21
What is (-76 + 55 - -17) + (2 - 19)?
-21
Calculate -121 + 50 + 38 + 22.
-11
What is the value of 18 - (2 + -10 + 3 + -1 + 4 + -7)?
27
What is the value of 0 - 11 - (162 + (-214 - -51))?
-10
What is (-18 - (-10 + 12 + 2)) + (50 - 8)?
20
Calculate (12 - (11 + 5)) + 9 + -3 - 3.
-1
Evaluate 551 + -555 - (1 + -2 + 19).
-22
Calculate -41 + 4 + -4 + -23 + -45 + 58.
-51
24 - (31 + 26 + 26 + -39)
-20
What is 35 - 21 - (-95 - -110)?